 i. Calculate the highest common divisor of i and w.
8
Let z(o) = -o**3 + 55*o**2 - 716*o + 80. Let f be z(33). Calculate the greatest common divisor of 287 and f.
41
Suppose 0*o + 19 = q + 5*o, -2*o + 2 = -q. Suppose v = 5*l + 30, 0*v + 4*l = -q*v. What is the highest common divisor of v and 2?
1
Let k(x) = 5*x**2 + 37*x - 5. Let a = -502 - -494. Let y be k(a). What is the greatest common divisor of y and 361?
19
Suppose -d + 703 = 4*a, 0 = 174*a - 167*a + d - 1225. What is the greatest common factor of 114 and a?
6
Let r = 21 + -7. Let k be (-7)/r*-12*1. Suppose 3*q - 66 + k = 0. What is the greatest common divisor of q and 4?
4
Suppose -3*s + 2*u = -5413, 5*u - 11 - 24 = 0. Calculate the highest common divisor of 18 and s.
9
Let h = 9789 - 9684. Calculate the greatest common divisor of 1665 and h.
15
Suppose -202*l + 283*l - 2978 = 22942. Calculate the highest common divisor of 940 and l.
20
Suppose 3*w = 6*w + 5*m + 8, 0 = 4*w + 4*m. Suppose -8*q = -w*q - 1628. What is the highest common factor of q and 37?
37
Let m(b) = -b**3 + 9*b**2 + 6. Let p be ((-9)/(-5))/((-1)/5). Let z be (p - -6) + 2*6. Let s be m(z). What is the greatest common factor of s and 24?
6
Suppose -4*i + 240 = -0*i + 4*n, -3*i - 4*n + 176 = 0. Suppose -4*b = -422 + 230. What is the highest common factor of i and b?
16
Let x(d) = 25*d + 4. Let c be x(2). Suppose m = 4*m - c. Let v = 12 + m. Calculate the highest common factor of v and 20.
10
Let m(d) = 3*d**3 - 3*d**2 + 6. Let s be m(3). Let x be (-168)/(-16)*s/21. Calculate the highest common factor of 250 and x.
10
Let f(l) = -18*l**3 - 2*l**2 - 2*l - 2. Let m be f(-2). Let n = -5362 + 5368. Calculate the greatest common divisor of m and n.
6
Suppose 5*g + 260 = 5*b + 2*g, 5*g - 122 = -3*b. Let r = b - 39. Let y(s) = s**2 - 11*s + 14. Let z be y(r). What is the greatest common divisor of 4 and z?
4
Let f(c) = 0 + 8*c**2 - 3*c + 2 + 0*c + 4*c**3 - 5*c**3. Let n be f(7). Calculate the greatest common factor of 15 and n.
15
Let t be 2725*(-18)/(-270) + (-2)/(-6). What is the greatest common divisor of 42 and t?
14
Suppose -16*v = 6897 - 29489. What is the highest common divisor of v and 4?
4
Suppose -33*c + 15*c - 96 = -186. What is the highest common divisor of 295 and c?
5
Suppose -12*v = -1339 - 29. What is the greatest common divisor of 50274 and v?
114
Suppose 0 = 2*i - 4*f + 208, -27 = i - 5*f + 77. Let d = 22 - i. Suppose 5*k = 12*k - d. What is the highest common divisor of 45 and k?
9
Let i = -4891 + 5593. What is the greatest common factor of 486 and i?
54
Let z(p) = p**3 + 10*p**2 + 5*p - 72. Let d be z(10). Suppose 3*u + 4*j - 1181 = 0, 0*u - 3*j - d = -5*u. Calculate the greatest common factor of u and 237.
79
Let c be (5/2)/((-790)/(-5372)). Suppose 0 = 8*a - 4*a - 1496. Calculate the highest common divisor of a and c.
17
Let k = -305 - -327. What is the greatest common divisor of 418 and k?
22
Suppose -3*o = -5*k + 136, 0*o = o + 5*k + 72. Let p = o - -53. Let i be p - (436/(-7) - (-4)/14). What is the highest common divisor of i and 9?
9
Suppose -2*x - u + 9249 = 0, 12*u = -x + 14*u + 4617. Calculate the highest common divisor of x and 402.
201
Suppose 0 = 2*b + z - 29, 5*z + 0 = -5. Suppose 7 = y - b. Suppose 0 = -3*m + 4*a + 29, -m - 4*m = -a - 54. What is the greatest common factor of m and y?
11
Let a = -11609 + 15052. What is the highest common factor of 33 and a?
11
Suppose 0 = -13*w + 15*w + 11*w - 24102. What is the highest common divisor of 72 and w?
18
Let f(y) = y**3 + 73*y**2 + 64*y - 224. Let n be f(-72). What is the greatest common divisor of n and 928?
32
Let a(o) = 2756*o**2 - 324*o - 650. Let k be a(-2). Calculate the highest common factor of 66 and k.
66
Let m(v) = 8*v**2 + 3*v + 3. Let r be m(-4). Let p = -281 - -336. Suppose -g + 13 = -a - 5, -3*g + p = -4*a. What is the greatest common factor of g and r?
17
Suppose -100*n + 105*n = z + 71, 3*n - 2*z - 37 = 0. Let c(l) = -l**2 + 6*l + 1. Let j be c(5). What is the greatest common divisor of j and n?
3
Suppose 0 = -2*s + 5*n - 17, 3*s + 2*s + 35 = 5*n. Let v be 3/(-12)*2*s. Let m be (-6)/(1/(-8)*v). What is the highest common divisor of m and 128?
16
Let y = 12263 + -12213. Let u = -440 - -715. What is the highest common factor of u and y?
25
Let z(j) = j. Suppose -31 = -3*a + a + 3*v, 3*a - v - 57 = 0. Let b be z(a). Calculate the greatest common factor of b and 15.
5
Let h = -16452 - -16456. Let v be 1/3 + 41/3. What is the highest common factor of h and v?
2
Let y be 51*(2 + 5/(-3)). Suppose 34*j - 257*j + 116*j + 29104 = 0. What is the highest common factor of y and j?
17
Let o = 100 + -91. Suppose -8*w + 23 = -o. What is the highest common factor of w and 128?
4
Let y(f) = f**3 + 2*f**2 + 11*f - 68. Let m be y(4). Let p be 4*-6*(5 - 7). Calculate the greatest common factor of m and p.
24
Let y be (20/(-45))/((-3262)/(-819) + -4). What is the greatest common divisor of y and 2834?
26
Let q(f) = 1064*f**3 + 7*f**2 - 6*f + 8. Let n be q(2). Let a be n/(-679)*(0 - 7). What is the highest common divisor of 44 and a?
44
Suppose 0 = 54*s - 80*s + 1222. What is the highest common divisor of s and 1363?
47
Suppose -50*t = -408 - 792. Calculate the highest common divisor of t and 38.
2
Suppose 0 = -1032*y + 795*y + 483480. What is the highest common factor of y and 2520?
120
Suppose 0 = 4*v - 1651 + 91. Suppose -972*f = -957*f - v. Calculate the greatest common divisor of f and 91.
13
Let w(k) be the second derivative of -9*k**3 + 60*k**2 - 3*k + 28. Let c be w(0). What is the highest common divisor of c and 160?
40
Let u(x) = -4*x**2 + 288*x - 204. Let s be u(71). What is the highest common divisor of 6480 and s?
80
Suppose 804 + 1254 = 14*i. Suppose 0*d + 3*d - i = 0. Calculate the greatest common factor of d and 931.
49
Let c(q) = -q**2 + 52*q - 5. Let k be c(7). Calculate the greatest common factor of 12245 and k.
155
Suppose -4*c = -3*t - 203, 185*t - 183*t = -3*c + 182. Calculate the greatest common factor of 7112 and c.
56
Suppose 456 = -153*w + 149*w. Let s = w - -134. Calculate the highest common factor of s and 50.
10
Let s(r) = -r**2 - 114*r - 3197. Let b be s(-51). Suppose -2*h + 706 = 4*j, -5*j - 875 = -10*j + 5*h. Calculate the greatest common divisor of j and b.
16
Suppose 0 = -222*d + 223*d - 228. Calculate the greatest common factor of 408 and d.
12
Let x(j) = -115*j**2 + 3*j + 5. Let d(v) = -57*v**2 + v + 2. Let i(h) = -9*d(h) + 4*x(h). Let f be i(-1). What is the highest common divisor of 4 and f?
4
Let t be (-3)/(-9)*11/(22/24). Suppose -t*l = -4*w - 540, 11*w - 725 = -5*l + 6*w. What is the greatest common factor of 105 and l?
35
Suppose 16 + 14 = 15*q. Suppose 4*a - 580 = x, q*a + 2*x + 152 = 3*a. Suppose -2*b - 32 = -4*b. What is the highest common divisor of a and b?
16
Let i be ((-13)/(-26) - 33/6) + 22. Calculate the greatest common factor of 187 and i.
17
Let g(c) = -2. Let f(y) = 66*y - 37. Let r(d) = -f(d) + 5*g(d). Let b be r(-5). What is the highest common divisor of 51 and b?
51
Suppose 1889*y - 1848*y = 23903. Suppose -m + 0*g = -g - 15, 0 = -4*m + 3*g + 56. Calculate the highest common factor of m and y.
11
Let x = 2178 - 2151. Calculate the greatest common divisor of x and 213.
3
Suppose 8*l - 14 = -54, -3*l + 730 = j. Calculate the highest common factor of 5 and j.
5
Let v = 124 + -112. Let o = v - -51. What is the greatest common divisor of o and 45?
9
Let w be (-1848)/(-63) - (-20)/12. Let c(b) = b**3 - 3*b**2 - 5*b + 6. Let k be c(4). Let x be -31*(k - 23)/3. What is the highest common divisor of w and x?
31
Let o be ((-3)/21)/((-5)/(-5)) + 78980/140. What is the greatest common factor of o and 1269?
141
Suppose -100 = -2*c + 614. Let v = 5360 - 5339. Calculate the highest common factor of c and v.
21
Let m be 359 + (15 + -16)*-1. What is the highest common divisor of 390 and m?
30
Suppose 0 = -240*o + 287*o - 1232434. What is the greatest common factor of 14 and o?
14
Let m be 258/(-2)*24/(-32)*(-1552)/(-18). What is the greatest common factor of 43 and m?
43
Let x be 7/(-21)*102/272 - (-194)/16. Let h(f) = 83*f + 1. Let c be h(1). What is the highest common divisor of x and c?
12
Let v be 18/5 + 26/65. Suppose o + v*o + 134 = 3*r, -6 = 3*r. Let w = 133 + o. Calculate the greatest common factor of 